 n(r). Suppose b*h - 38 = -2*h. What is the units digit of h?
9
Let h(c) = 5*c**2 + 14*c - 16. Let v(t) = 6*t**2 + 14*t - 16. Suppose -r + 4*r - 15 = 0. Let y(g) = r*h(g) - 4*v(g). What is the tens digit of y(-17)?
3
Suppose m + 1 - 7 = 0. Let s(j) be the second derivative of j**4/6 - 5*j**3/6 - j**2/2 - j. What is the tens digit of s(m)?
4
Suppose 3*r + 14*r - 9877 = 0. What is the units digit of r?
1
Let x(w) = -4*w**3 - 5*w + 3. Let o be x(2). What is the tens digit of ((-95)/15 - -4)*o?
9
Let z(r) = -3*r + 2*r + r - 3*r + 10. What is the tens digit of z(-15)?
5
Suppose 0 = -z + 3, -4*f - 2*z - 55 = -3*z. Let v = f + 63. What is the tens digit of v?
5
Suppose -15 = 3*d + 3*g, -2*d + 2*g = -1 + 27. Let u(m) = -m - 21. Let t be u(d). What is the units digit of -11 - t - (-7)/1?
8
What is the thousands digit of (7 - 11)*3/12 + 1539?
1
Let s(z) = 11 + 746*z - 3 - z**2 - 743*z. What is the units digit of s(0)?
8
Let x(m) = m**2 - 4*m - 5. Let l be x(8). Let p = 31 - l. Suppose -3*o - 311 = -p*d + 2*o, d - 2*o - 80 = 0. What is the units digit of d?
4
Let h(t) be the second derivative of 1/2*t**2 - t - 2/3*t**3 - 1/20*t**5 - 5/12*t**4 + 0. What is the units digit of h(-4)?
1
Let h = -1842 - -2727. What is the units digit of h?
5
Suppose -2*x - 3*q = -12193, -3*x + 10*q - 13*q + 18297 = 0. What is the units digit of x?
4
Let k(p) = -p - 3*p + 3 - p + p + 17*p**2. What is the tens digit of k(2)?
6
Suppose -2*t + 766 = 4*o, 7*o = 10*o + 5*t - 564. What is the hundreds digit of o?
1
Let r be 77/14 + (-1)/2. Suppose 54 = a - 2*y, -5*a - r*y = -4*a - 89. What is the tens digit of a?
6
Let h(g) be the second derivative of 13*g**4/12 - 7*g**3/6 + 13*g**2/2 - 3*g + 8. What is the units digit of h(3)?
9
Let t(f) = 16*f. Let n be t(2). Suppose -4*j - 2*r - n = 2*r, 0 = 4*j - 2*r + 8. Let y(q) = 3*q**2 + 2*q - 8. What is the units digit of y(j)?
2
Suppose 56*s - 60*s + w + 1911 = 0, -5*s + 3*w = -2380. What is the tens digit of s?
7
Let h = -416 - -802. What is the hundreds digit of h?
3
Let h(o) = -2*o + 10. Let k be 60/(-8)*(-4)/6. Let y be h(k). Suppose y - 6 = n - 4*q, -5*q + 11 = -n. What is the units digit of n?
4
Suppose 313*q = 312*q + 363. What is the units digit of q?
3
Let d be (3 - (-55)/(-15))*-21. Suppose -4*p + 90 = d. What is the units digit of p?
9
Let a(s) = -54*s - 122. What is the units digit of a(-17)?
6
Suppose w + t = 3*w - 8, -10 = 5*t. Suppose 3*f - 90 = -w*f. What is the units digit of f?
5
Let j = -42 + 42. Suppose -4*o = -j - 64. What is the tens digit of o?
1
Suppose -w + 57 = -5*y, -5*y + 0*w - 3*w - 49 = 0. Let l(d) = 2*d**2 + 13*d - 7. What is the units digit of l(y)?
2
Let z(c) = -c**2 - 3*c + 67. Let t(m) = -2*m + 67. Let g(n) = 3*t(n) - 2*z(n). What is the units digit of g(0)?
7
Let o = 24 - 40. Let t = -3 + o. Let c = 25 + t. What is the units digit of c?
6
Suppose 0*p - 5*p = 0. Suppose 0*h - h + 76 = -5*v, p = -2*h + 4*v + 128. What is the tens digit of h?
5
Let f(a) = 4*a**2 - 7*a + 5. Let h be f(4). Let p(m) = m**3 - 5*m**2 - 7*m + 11. Let x be p(6). Suppose -h + x = -d. What is the tens digit of d?
3
What is the tens digit of -4 - (-387 - (-3 - -11))?
9
Let z(b) = 15*b**2 - 11. Let f be z(-6). Suppose 3*c - 4*h = 195 + f, 2*c + h - 468 = 0. What is the hundreds digit of c?
2
Let t(j) = 11*j**2 - 22. What is the tens digit of t(9)?
6
Suppose -26685 = 206*u - 215*u. What is the tens digit of u?
6
Suppose -54*f + 116650 = -4*f. What is the units digit of f?
3
What is the tens digit of (-1 + -6)/(51/(-357))?
4
Suppose 4*d = 5*a - 0*a + 186, 2*d - 150 = 4*a. Let g be a/(-14) - 6/(-21). Suppose 3*c - 2*s = 62, 4*s - 33 - 41 = -g*c. What is the tens digit of c?
2
Let j(u) = u**3 - 19*u**2 + 10*u - 21. Let p be j(19). Let q = -99 + p. What is the tens digit of q?
7
Let d = 14 + -10. Suppose -d*r = -r - 27. What is the tens digit of (3/r)/(2/186)?
3
Suppose -2*j + 144 = -2. Suppose j = 4*v - 3. What is the units digit of v?
9
Suppose 0 = -4*k + 6*k + 12. What is the units digit of (-432)/15*20/k?
6
Suppose -2*l + 1360 = 350. What is the hundreds digit of l?
5
What is the tens digit of (-25)/50 + 6435/2?
1
Suppose 3*h - 276 - 531 = 0. What is the tens digit of h?
6
Let y = -99 + 102. What is the units digit of 3/y*120/4?
0
Suppose 2*d = 3*c + 2538, 418 + 4648 = 4*d - c. What is the thousands digit of d?
1
Let t(g) = 146*g + 13. Let u be t(4). Let l be 9/(-21) + u/21. What is the tens digit of (l + -6)/(1/2)?
4
Let t(k) = -2*k**3 + 36*k**2 - 22*k - 26. What is the units digit of t(17)?
8
Let t(h) = -3*h - 1. Let a be t(-3). Suppose -3*o = -4*o - a. Let w(m) = m + 9. What is the units digit of w(o)?
1
Let x(b) = b**2 + 24*b - 108. What is the units digit of x(19)?
9
Let a(w) = 11*w**2 - 2*w + 9. What is the tens digit of a(4)?
7
Let k = 15 - 12. Suppose -3*v + k*l + 39 = -2*v, l - 113 = -2*v. What is the tens digit of v?
5
Suppose 0*k - 1320 = -5*k - 5*d, 3*k - 4*d - 799 = 0. What is the units digit of k?
5
Let j(t) = -6*t**3 - 34*t**2 + 31*t + 51. Let p(y) = -y**3 - 7*y**2 + 6*y + 10. Let h(g) = 2*j(g) - 11*p(g). What is the units digit of h(6)?
6
Let u be (9/(18/(-8)))/(-2). Suppose u*c - 3*q = 1036 - 331, 3*q + 1749 = 5*c. What is the tens digit of c/7 + (-18)/(-63)?
5
Let p(c) = -6*c - 3*c**2 - 4*c**3 + 5*c**3 + 8*c. Let z be p(3). What is the units digit of z - ((-12)/(-3) - 2)?
4
Let g(m) = 2*m**2 + 6*m + 12*m**2 - m**2 - 3 + 2*m**2. Let p be g(2). Let l = -32 + p. What is the units digit of l?
7
Let h be (4/(-1))/((-2)/3). Let o(m) = m**2 - 35*m + 71. Let b be o(32). Let j = h - b. What is the tens digit of j?
3
Let u(v) = -135*v + 86. What is the units digit of u(-10)?
6
Suppose 0 = -0*t + 8*t - 16. Suppose -2*n + 500 = t*n. What is the tens digit of n?
2
Let a = 785 - 392. What is the units digit of a?
3
Suppose -6*j + 10*j = 12. Suppose 2*o = -w - j*o + 14, -6 = -3*o. Suppose d + 3*m + 22 = 81, -w*d - 4*m + 204 = 0. What is the units digit of d?
7
Let i(g) = g - 7. Let z be i(14). Suppose z*d - d - 702 = 0. What is the units digit of d?
7
Let y = 17 - 1. Let z = 49 - 15. Suppose 0 = -5*j + y + z. What is the units digit of j?
0
Suppose 1 = m - 2, 0 = 4*y + 3*m - 13. What is the tens digit of 30*(22/(-40))/(y/(-8))?
3
Let p = -505 + 980. Suppose 5*a + 3*i + 27 = p, -4*a + 388 = -5*i. Suppose -q = 3*q - a. What is the units digit of q?
3
Suppose 2*t = -2*t - 16. Let k(w) = -21*w - 4. Let l be k(t). Suppose -4*n + 5*s + 160 = 0, -2*n = -4*n - s + l. What is the tens digit of n?
4
Suppose 3*o - 5*x + 113 = 0, -2*o + x = -o + 41. Let n = 74 + o. What is the units digit of n?
8
Suppose 2*b - 12 = 8. Let q = b - 7. Suppose -t + q*t - 28 = 0. What is the tens digit of t?
1
Suppose 4*y = -y - 5*q - 30, -5*y + q = 24. What is the tens digit of ((-57)/y)/((-10)/(-50))?
5
Let p be ((-90)/(-4))/((-6)/(-156)). What is the tens digit of -2 + 2 - p/(-13)?
4
Let r = 2430 + -1630. What is the tens digit of r?
0
Suppose -18*r = -1633 - 2597. What is the tens digit of (r - 6)/1 - (0 + 4)?
2
Suppose 5*a = -4*k + 1349, 1724 - 355 = 5*a - k. What is the tens digit of a?
7
Let f(t) = -t + 9. Let g be f(5). Let q be 10/g*96/30. What is the units digit of 2/q*4 + 2?
3
Let h = 1542 + -1061. Suppose 3*t - h = 4*f, -t - t = -3*f - 320. What is the hundreds digit of t?
1
Suppose 0 = 4*x - 16. Suppose 0*y + 24 = x*y. Suppose y*h - 2*h = -2*r + 140, -3*h = 2*r - 106. What is the tens digit of h?
3
What is the hundreds digit of (-4)/18 - 2416/(-18)?
1
Suppose -17*r - 3 + 37 = 0. Suppose -c + 238 = -b, -464 = -4*c + r*c + 5*b. What is the hundreds digit of c?
2
Let k(l) = l**3 - 20*l**2 + 35*l - 11. Let u be k(19). What is the units digit of (-2 - u)/(-5)*4?
6
Suppose 23 = f - 467. What is the units digit of f?
0
What is the tens digit of (-6262)/(-18) - (68/36)/(-17)?
4
Let b = -46 - -31. What is the units digit of (3 + 417/15)*b/(-3)?
4
Let k = -390 + 680. What is the units digit of k?
0
Let k(x) = -x**3 + 6. Let u(w) = -4*w**3 + 25. Let s(r) = -9*k(r) + 2*u(r). Let j be s(4). What is the units digit of ((-2)/(-6))/(4/j)?
5
Let y = 26 + -3. Suppose 2*h - 22 = -2. Let l = h + y. What is the tens digit of l?
3
Suppose 5*z - 5*r = 2360, -2*z - 3*r + 725 = -219. What is the hundreds digit of z?
4
Let v(b) = 25*b**3 + b + 2. Let t be v(2). Suppose -61